by 144?
23
What is the remainder when 54 is divided by 15?
9
What is the remainder when 523 is divided by 11?
6
Calculate the remainder when 445 is divided by 31.
11
What is the remainder when 331 is divided by 104?
19
What is the remainder when 47 is divided by 11?
3
What is the remainder when 527 is divided by 23?
21
Calculate the remainder when 325 is divided by 5.
0
Calculate the remainder when 245 is divided by 62.
59
Calculate the remainder when 214 is divided by 44.
38
What is the remainder when 657 is divided by 130?
7
Calculate the remainder when 428 is divided by 77.
43
What is the remainder when 146 is divided by 7?
6
What is the remainder when 39 is divided by 19?
1
What is the remainder when 63 is divided by 22?
19
What is the remainder when 18407 is divided by 52?
51
What is the remainder when 68 is divided by 26?
16
What is the remainder when 609 is divided by 34?
31
Calculate the remainder when 2115 is divided by 163.
159
Calculate the remainder when 109 is divided by 9.
1
What is the remainder when 154 is divided by 85?
69
What is the remainder when 1006 is divided by 126?
124
Calculate the remainder when 215 is divided by 20.
15
What is the remainder when 44 is divided by 10?
4
Calculate the remainder when 284 is divided by 7.
4
Calculate the remainder when 163 is divided by 67.
29
What is the remainder when 129 is divided by 46?
37
Calculate the remainder when 2819 is divided by 314.
307
Calculate the remainder when 3748 is divided by 31.
28
Calculate the remainder when 9778 is divided by 77.
76
Calculate the remainder when 2107 is divided by 57.
55
Calculate the remainder when 436 is divided by 11.
7
What is the remainder when 132 is divided by 26?
2
What is the remainder when 43 is divided by 11?
10
What is the remainder when 167 is divided by 119?
48
Calculate the remainder when 317 is divided by 9.
2
Calculate the remainder when 161 is divided by 86.
75
What is the remainder when 3375 is divided by 161?
155
What is the remainder when 2491 is divided by 58?
55
Calculate the remainder when 221 is divided by 79.
63
Calculate the remainder when 880 is divided by 68.
64
What is the remainder when 75 is divided by 16?
11
What is the remainder when 494 is divided by 83?
79
Calculate the remainder when 949 is divided by 219.
73
What is the remainder when 1084 is divided by 16?
12
What is the remainder when 2398 is divided by 795?
13
Calculate the remainder when 117 is divided by 8.
5
What is the remainder when 326 is divided by 35?
11
What is the remainder when 1718 is divided by 46?
16
What is the remainder when 66 is divided by 17?
15
What is the remainder when 25 is divided by 2?
1
What is the remainder when 3255 is divided by 44?
43
Calculate the remainder when 1063 is divided by 75.
13
What is the remainder when 7749 is divided by 2581?
6
What is the remainder when 349 is divided by 6?
1
Calculate the remainder when 1070 is divided by 63.
62
Calculate the remainder when 386 is divided by 30.
26
What is the remainder when 4156 is divided by 27?
25
Calculate the remainder when 915 is divided by 321.
273
Calculate the remainder when 524 is divided by 28.
20
What is the remainder when 333 is divided by 154?
25
What is the remainder when 566 is divided by 22?
16
What is the remainder when 526 is divided by 103?
11
What is the remainder when 120 is divided by 32?
24
What is the remainder when 197 is divided by 33?
32
Calculate the remainder when 516 is divided by 65.
61
What is the remainder when 2446 is divided by 51?
49
What is the remainder when 2278 is divided by 206?
12
Calculate the remainder when 1462 is divided by 29.
12
What is the remainder when 254 is divided by 40?
14
What is the remainder when 3093 is divided by 12?
9
Calculate the remainder when 3576 is divided by 15.
6
Calculate the remainder when 150 is divided by 81.
69
Calculate the remainder when 2655 is divided by 3.
0
Calculate the remainder when 116 is divided by 97.
19
What is the remainder when 291 is divided by 93?
12
What is the remainder when 150 is divided by 89?
61
Calculate the remainder when 516 is divided by 52.
48
What is the remainder when 516 is divided by 40?
36
Calculate the remainder when 224 is divided by 141.
83
What is the remainder when 221 is divided by 59?
44
Calculate the remainder when 126 is divided by 60.
6
What is the remainder when 129 is divided by 3?
0
What is the remainder when 253 is divided by 37?
31
What is the remainder when 1036 is divided by 128?
12
Calculate the remainder when 106 is divided by 35.
1
What is the remainder when 714 is divided by 65?
64
What is the remainder when 566 is divided by 30?
26
What is the remainder when 61 is divided by 26?
9
What is the remainder when 527 is divided by 169?
20
Calculate the remainder when 787 is divided by 91.
59
What is the remainder when 1341 is divided by 28?
25
Calculate the remainder when 9030 is divided by 8.
6
What is the remainder when 133 is divided by 128?
5
What is the remainder when 1086 is divided by 34?
32
What is the remainder when 73 is divided by 19?
16
Calculate the remainder when 97 is divided by 37.
23
What is the remainder when 91 is divided by 53?
38
Calculate the remainder when 2899 is divided by 31.
16
Calculate the remainder when 1662 is divided by 13.
11
What is the remainder when 1221 is divided by 34?
31
Calculate the remainder when 8753 is divided by 31.
11
Calculate the remainder when 72519 is divided by 245.
244
Calculate the remainder when 1351 is divided by 41.
39
What is the remainder when 171 is divided by 46?
33
What is the remainder when 8525 is divided by 164?
161
What is the remainder when 40 is divided by 6?
4
What is the remainder when 621 is divided by 201?
18
What is the remainder when 728 is divided by 73?
71
Calculate the remainder when 986 is divided by 325.
11
What is the remainder when 24057 is divided by 30?
27
Calculate the remainder when 1738 is divided by 33.
22
What is the remainder when 85 is divided by 11?
8
What is the remainder when 313 is divided by 45?
43
What is the remainder when 2224 is divided by 53?
51
What is the remainder when 860 is divided by 422?
16
Calculate the remainder when 8763 is divided by 22.
7
What is the remainder when 3589 is divided by 133?
131
What is the remainder when 162 is divided by 64?
34
What is the remainder when 548 is divided by 110?
108
Calculate the remainder when 319 is divided by 46.
43
What is the remainder when 566 is divided by 157?
95
Calculate the remainder when 76 is divided by 11.
10
What is the remainder when 320 is divided by 7?
5
What is the remainder when 193 is divided by 31?
7
Calculate the remainder when 7313 is divided by 812.
5
Calculate the remainder when 15656 is divided by 17.
16
What is the remainder when 467 is divided by 6?
5
Calculate the remainder when 228 is divided by 21.
18
Calculate the remainder when 94 is divided by 34.
26
What is the remainder when 9197 is divided by 92?
89
Calculate the remainder when 97 is divided by 40.
17
What is the remainder when 45 is divided by 26?
19
What is the remainder when 2914 is divided by 209?
197
What is the remainder when 598 is divided by 10?
8
What is the remainder when 1077 is divided by 30?
27
What is the remainder when 147 is divided by 45?
12
Calculate the remainder when 252 is divided by 52.
44
Calculate the remainder when 525 is divided by 6.
3
What is the remainder when 250 is divided by 158?
92
What is the remainder when 57 is divided by 35?
22
What is the remainder when 374 is divided by 35?
24
Calculate the remainder when 216 is divided by 161.
55
Calculate the remainder when 421 is divided by 84.
1
What is the remainder when 1375 is divided by 193?
24
Calculate the remainder when 1403 is divided by 59.
46
What is the remainder when 126 is divided by 5?
1
What is the remainder when 59 is divided by 8?
3
Calculate the remainder when 572 is divided by 82.
80
What is the remainder when 125 is divided by 14?
13
What is the remainder when 8474 is divided by 90?
14
Calculate the remainder when 273 is divided by 89.
6
What is the remainder when 381 is divided by 16?
13
Calculate the remainder when 1623 is divided by 14.
13
What is the remainder when 102 is divided by 8?
6
Calculate the remainder when 149 is d